{"id":543,"date":"2025-06-14T12:24:43","date_gmt":"2025-06-14T15:24:43","guid":{"rendered":"https:\/\/arcba.org.ar\/ARCBA\/?page_id=543"},"modified":"2025-10-25T15:25:26","modified_gmt":"2025-10-25T18:25:26","slug":"institucional","status":"publish","type":"page","link":"https:\/\/arcba.org.ar\/ARCBA\/","title":{"rendered":"Institucional"},"content":{"rendered":"\t\t<div data-elementor-type=\"wp-page\" data-elementor-id=\"543\" class=\"elementor elementor-543\">\n\t\t\t\t\t\t<section class=\"elementor-section elementor-top-section elementor-element elementor-element-57d96c6e elementor-section-height-min-height elementor-section-items-stretch elementor-section-content-middle elementor-section-full_width elementor-section-height-default\" data-id=\"57d96c6e\" data-element_type=\"section\" data-e-type=\"section\" data-settings=\"{&quot;background_background&quot;:&quot;classic&quot;}\">\n\t\t\t\t\t\t<div class=\"elementor-container elementor-column-gap-no\">\n\t\t\t\t\t<div class=\"elementor-column elementor-col-50 elementor-top-column elementor-element elementor-element-585e0957\" data-id=\"585e0957\" data-element_type=\"column\" data-e-type=\"column\">\n\t\t\t<div class=\"elementor-widget-wrap elementor-element-populated\">\n\t\t\t\t\t\t<div class=\"elementor-element elementor-element-5427dffb elementor-widget elementor-widget-heading\" data-id=\"5427dffb\" data-element_type=\"widget\" data-e-type=\"widget\" data-widget_type=\"heading.default\">\n\t\t\t\t<div class=\"elementor-widget-container\">\n\t\t\t\t\t<h2 class=\"elementor-heading-title elementor-size-default\">Nosotros<\/h2>\t\t\t\t<\/div>\n\t\t\t\t<\/div>\n\t\t\t\t<div class=\"elementor-element elementor-element-57394b33 elementor-widget elementor-widget-text-editor\" data-id=\"57394b33\" data-element_type=\"widget\" data-e-type=\"widget\" data-widget_type=\"text-editor.default\">\n\t\t\t\t<div class=\"elementor-widget-container\">\n\t\t\t\t\t\t\t\t\t<p style=\"text-align: justify;\"><span style=\"color: #36374a;\">La Asociaci\u00f3n de Reumatolog\u00eda de la Ciudad de Buenos Aires (<strong>ARCBA<\/strong>) fue fundada en 1987 y es la filial de la Ciudad de Buenos Aires de la Sociedad Argentina de Reumatolog\u00eda (<strong>SAR<\/strong>).\u00a0<\/span><\/p><p style=\"text-align: justify;\"><span style=\"color: #36374a;\">Es nuestra misi\u00f3n colaborar con el desarrollo de la especialidad en nuestra ciudad promoviendo actividades para m\u00e9dicos, otras profesiones afines y en estrecha relaci\u00f3n con las asociaciones de pacientes. Con el resto de las filiales trabajamos activamente dentro de la SAR para el continuo desarrollo de la Reumatolog\u00eda Nacional.\u00a0<\/span><\/p><p style=\"text-align: justify;\"><span style=\"color: #36374a;\">Creemos que es deber de la Asociaci\u00f3n estimular la participaci\u00f3n de todos sus integrantes y para ello impulsamos diferentes actividades que abarquen variados intereses y cumplan con la necesidad de desarrollo cient\u00edfico, profesional y defensa laboral de nuestros asociados, en continua renovaci\u00f3n y superaci\u00f3n de objetivos.<\/span><\/p><p>\u00a0<\/p><p><b>Nos acompa\u00f1an:<\/b><\/p>\t\t\t\t\t\t\t\t<\/div>\n\t\t\t\t<\/div>\n\t\t\t\t\t<\/div>\n\t\t<\/div>\n\t\t\t\t<div class=\"elementor-column elementor-col-50 elementor-top-column elementor-element elementor-element-75591420\" data-id=\"75591420\" data-element_type=\"column\" data-e-type=\"column\">\n\t\t\t<div class=\"elementor-widget-wrap elementor-element-populated\">\n\t\t\t\t\t\t<div class=\"elementor-element elementor-element-3b7495f1 elementor-widget__width-initial elementor-widget elementor-widget-image\" data-id=\"3b7495f1\" data-element_type=\"widget\" data-e-type=\"widget\" data-widget_type=\"image.default\">\n\t\t\t\t<div class=\"elementor-widget-container\">\n\t\t\t\t\t\t\t\t\t\t\t\t\t\t\t<img fetchpriority=\"high\" decoding=\"async\" width=\"512\" height=\"512\" src=\"https:\/\/arcba.org.ar\/ARCBA\/wp-content\/uploads\/2025\/06\/cropped-cropped-cropped-cropped-LogoARCBA.png\" class=\"attachment-large size-large wp-image-851\" alt=\"\" srcset=\"https:\/\/arcba.org.ar\/ARCBA\/wp-content\/uploads\/2025\/06\/cropped-cropped-cropped-cropped-LogoARCBA.png 512w, https:\/\/arcba.org.ar\/ARCBA\/wp-content\/uploads\/2025\/06\/cropped-cropped-cropped-cropped-LogoARCBA-300x300.png 300w, https:\/\/arcba.org.ar\/ARCBA\/wp-content\/uploads\/2025\/06\/cropped-cropped-cropped-cropped-LogoARCBA-150x150.png 150w, https:\/\/arcba.org.ar\/ARCBA\/wp-content\/uploads\/2025\/06\/cropped-cropped-cropped-cropped-LogoARCBA-133x133.png 133w\" sizes=\"(max-width: 512px) 100vw, 512px\" \/>\t\t\t\t\t\t\t\t\t\t\t\t\t\t\t<\/div>\n\t\t\t\t<\/div>\n\t\t\t\t\t<\/div>\n\t\t<\/div>\n\t\t\t\t\t<\/div>\n\t\t<\/section>\n\t\t\t\t<section class=\"elementor-section elementor-top-section elementor-element elementor-element-1a7a3b5a elementor-section-content-middle elementor-reverse-mobile elementor-section-full_width elementor-section-height-default elementor-section-height-default\" data-id=\"1a7a3b5a\" data-element_type=\"section\" data-e-type=\"section\">\n\t\t\t\t\t\t<div class=\"elementor-container elementor-column-gap-no\">\n\t\t\t\t\t<div class=\"elementor-column elementor-col-100 elementor-top-column elementor-element elementor-element-45aeab8b\" data-id=\"45aeab8b\" data-element_type=\"column\" data-e-type=\"column\">\n\t\t\t<div class=\"elementor-widget-wrap elementor-element-populated\">\n\t\t\t\t\t\t<div class=\"elementor-element elementor-element-524eb7b3 elementor-widget__width-initial elementor-widget elementor-widget-image\" data-id=\"524eb7b3\" data-element_type=\"widget\" data-e-type=\"widget\" data-widget_type=\"image.default\">\n\t\t\t\t<div class=\"elementor-widget-container\">\n\t\t\t\t\t\t\t\t\t\t\t\t\t\t\t<img decoding=\"async\" width=\"909\" height=\"455\" src=\"https:\/\/arcba.org.ar\/ARCBA\/wp-content\/uploads\/2025\/06\/sponsors.png\" class=\"attachment-full size-full wp-image-1179\" alt=\"\" srcset=\"https:\/\/arcba.org.ar\/ARCBA\/wp-content\/uploads\/2025\/06\/sponsors.png 909w, https:\/\/arcba.org.ar\/ARCBA\/wp-content\/uploads\/2025\/06\/sponsors-300x150.png 300w, https:\/\/arcba.org.ar\/ARCBA\/wp-content\/uploads\/2025\/06\/sponsors-768x384.png 768w\" sizes=\"(max-width: 909px) 100vw, 909px\" \/>\t\t\t\t\t\t\t\t\t\t\t\t\t\t\t<\/div>\n\t\t\t\t<\/div>\n\t\t\t\t\t<\/div>\n\t\t<\/div>\n\t\t\t\t\t<\/div>\n\t\t<\/section>\n\t\t\t\t<\/div>\n\t\t","protected":false},"excerpt":{"rendered":"<p>Nosotros La Asociaci\u00f3n de Reumatolog\u00eda de la Ciudad de Buenos Aires (ARCBA) fue fundada en 1987 y es la filial de la Ciudad de Buenos Aires de la Sociedad Argentina de Reumatolog\u00eda (SAR).\u00a0 Es nuestra misi\u00f3n colaborar con el desarrollo de la especialidad en nuestra ciudad promoviendo actividades para m\u00e9dicos, otras profesiones afines y en [&hellip;]<\/p>\n","protected":false},"author":1,"featured_media":0,"parent":0,"menu_order":0,"comment_status":"closed","ping_status":"closed","template":"elementor_header_footer","meta":{"site-sidebar-layout":"no-sidebar","site-content-layout":"page-builder","ast-site-content-layout":"full-width-container","site-content-style":"default","site-sidebar-style":"default","ast-global-header-display":"","ast-banner-title-visibility":"","ast-main-header-display":"","ast-hfb-above-header-display":"","ast-hfb-below-header-display":"","ast-hfb-mobile-header-display":"","site-post-title":"disabled","ast-breadcrumbs-content":"","ast-featured-img":"disabled","footer-sml-layout":"","ast-disable-related-posts":"","theme-transparent-header-meta":"","adv-header-id-meta":"","stick-header-meta":"","header-above-stick-meta":"","header-main-stick-meta":"","header-below-stick-meta":"","astra-migrate-meta-layouts":"set","ast-page-background-enabled":"default","ast-page-background-meta":{"desktop":{"background-color":"","background-image":"","background-repeat":"repeat","background-position":"center center","background-size":"auto","background-attachment":"scroll","background-type":"","background-media":"","overlay-type":"","overlay-color":"","overlay-opacity":"","overlay-gradient":""},"tablet":{"background-color":"","background-image":"","background-repeat":"repeat","background-position":"center center","background-size":"auto","background-attachment":"scroll","background-type":"","background-media":"","overlay-type":"","overlay-color":"","overlay-opacity":"","overlay-gradient":""},"mobile":{"background-color":"","background-image":"","background-repeat":"repeat","background-position":"center center","background-size":"auto","background-attachment":"scroll","background-type":"","background-media":"","overlay-type":"","overlay-color":"","overlay-opacity":"","overlay-gradient":""}},"ast-content-background-meta":{"desktop":{"background-color":"var(--ast-global-color-5)","background-image":"","background-repeat":"repeat","background-position":"center center","background-size":"auto","background-attachment":"scroll","background-type":"","background-media":"","overlay-type":"","overlay-color":"","overlay-opacity":"","overlay-gradient":""},"tablet":{"background-color":"var(--ast-global-color-5)","background-image":"","background-repeat":"repeat","background-position":"center center","background-size":"auto","background-attachment":"scroll","background-type":"","background-media":"","overlay-type":"","overlay-color":"","overlay-opacity":"","overlay-gradient":""},"mobile":{"background-color":"var(--ast-global-color-5)","background-image":"","background-repeat":"repeat","background-position":"center center","background-size":"auto","background-attachment":"scroll","background-type":"","background-media":"","overlay-type":"","overlay-color":"","overlay-opacity":"","overlay-gradient":""}},"footnotes":""},"class_list":["post-543","page","type-page","status-publish","hentry"],"_links":{"self":[{"href":"https:\/\/arcba.org.ar\/ARCBA\/wp-json\/wp\/v2\/pages\/543","targetHints":{"allow":["GET"]}}],"collection":[{"href":"https:\/\/arcba.org.ar\/ARCBA\/wp-json\/wp\/v2\/pages"}],"about":[{"href":"https:\/\/arcba.org.ar\/ARCBA\/wp-json\/wp\/v2\/types\/page"}],"author":[{"embeddable":true,"href":"https:\/\/arcba.org.ar\/ARCBA\/wp-json\/wp\/v2\/users\/1"}],"replies":[{"embeddable":true,"href":"https:\/\/arcba.org.ar\/ARCBA\/wp-json\/wp\/v2\/comments?post=543"}],"version-history":[{"count":154,"href":"https:\/\/arcba.org.ar\/ARCBA\/wp-json\/wp\/v2\/pages\/543\/revisions"}],"predecessor-version":[{"id":1445,"href":"https:\/\/arcba.org.ar\/ARCBA\/wp-json\/wp\/v2\/pages\/543\/revisions\/1445"}],"wp:attachment":[{"href":"https:\/\/arcba.org.ar\/ARCBA\/wp-json\/wp\/v2\/media?parent=543"}],"curies":[{"name":"wp","href":"https:\/\/api.w.org\/{rel}","templated":true}]}}